).
2, 11
Let b = 57 + -52. Suppose g - g = -b*g. Suppose 2*k + 214 = 3*u, g*k + 121 = 2*u + 3*k. List the prime factors of u.
2, 17
Let p be (-1476)/(-4)*((-120)/9)/(-8). Suppose -18*y + 3363 = -p. List the prime factors of y.
13, 17
Suppose 10*o - 51*o = -253011. What are the prime factors of o?
3, 11, 17
Let r be 1/(3/114) - 4. Let n be (r/(-10))/(1/(-5)). List the prime factors of n*(-3 - -6) - 1.
2, 5
Suppose 0*m - 5*m = -4*w - 77, -3*m = 4*w - 59. Let r = m + 37. Let o = 97 - r. What are the prime factors of o?
43
Let f = -671 - -675. Let q(z) = 64*z. Let n be q(2). Suppose 0 = -u - 3*l - 0*l + 84, n = 2*u - f*l. What are the prime factors of u?
2, 3
Suppose 3*s - 3 = -k, -2*s - 1 = 5*k - 3. Let g be (2 - 0 - 2)*s. Suppose -2*v + g*v + 306 = 2*x, 2*v + 3*x - 305 = 0. What are the prime factors of v?
2, 7, 11
List the prime factors of (362/10 + 22)*1055.
3, 97, 211
Let z(a) = 5*a - 27. Let b be z(6). Suppose 5*t - 5135 = 3*p, 4*p + 3255 - 174 = b*t. List the prime factors of t.
13, 79
Let k = -424 + 429. Suppose 0 = -2*p + k*g + 2384, -3*p + 4*g + 1195 = -2*p. What are the prime factors of p?
1187
Let f(p) = p**3 - 7*p**2 + 15*p + 12. Let l(t) = 3*t**2 - 8*t - 6. Let n(o) = -2*f(o) - 5*l(o). Let d be (-90)/24 - 2/8. What are the prime factors of n(d)?
2, 3, 13
Let q = -94 + 100. Suppose 18*c = q*c + 5412. List the prime factors of c.
11, 41
Let i(a) = -40*a**3 + 3*a**2 + 13*a + 50. Let m be i(-3). Let q = m - 648. What are the prime factors of q?
2, 5, 47
What are the prime factors of 49573*-5*(-6)/30?
89, 557
Suppose 82*j - 2446216 = -85*j. List the prime factors of j.
2, 1831
Let o = -13390 + 21615. List the prime factors of o.
5, 7, 47
Suppose 3*z + 4*j - 29892 = 0, 0*z - j = -z + 9964. List the prime factors of z.
2, 47, 53
Suppose -317*s + 764604 = -281*s. What are the prime factors of s?
67, 317
Suppose 0 = -10*i - 30*i - 4520. Let j = 449 - i. What are the prime factors of j?
2, 281
List the prime factors of (-1059)/((-402)/(-30) + -14).
5, 353
Let g = -330 + 332. Let a = 515 - g. What are the prime factors of a?
3, 19
Let n(j) = 22*j - 7. Let l be n(2). Let o = 153 + l. Let y = 382 - o. List the prime factors of y.
2, 3
Suppose -2*r = 4*u - 136954, -4*u = -r - 145801 + 8850. What are the prime factors of u?
2, 17, 19, 53
Let j be (-15)/(-21) - (-10)/35. List the prime factors of (2 - j)/(2/530).
5, 53
Suppose 8*b - 6*b - 3*r - 9352 = 0, 4*b + 4*r - 18684 = 0. What are the prime factors of b?
4673
Let c(k) be the first derivative of -18*k**2 + 20*k + 1. What are the prime factors of c(-7)?
2, 17
Let w(m) = m**3 + 28*m**2 - 29*m - 260. List the prime factors of w(-17).
2, 853
Suppose -20*i - 68 = 52. What are the prime factors of (i + -473)*(-2 - -1)?
479
Suppose -335*m = -380*m + 1270710. What are the prime factors of m?
2, 7, 2017
Let f(r) be the third derivative of 101*r**5/60 - r**4/24 + 5*r**2. What are the prime factors of f(2)?
2, 3, 67
Suppose 21*t + 130 = 34*t. List the prime factors of ((-602)/35)/(t/(-175)).
7, 43
Let x = 72 - 69. Suppose 2*k = -6, -x*o + k - 5*k + 1017 = 0. Let v = 532 - o. What are the prime factors of v?
3, 7
Suppose 17*a + 2081 = -554. Let u = 169 - a. List the prime factors of u.
2, 3
What are the prime factors of (-12)/(-2) + (-1308948)/627*(-11)/2?
2, 359
Suppose -2*v - 24 = -28. Suppose 2*w + 2*u - 197 = 5*u, 0 = 2*u + v. What are the prime factors of w?
97
Let j = 12353 + -6777. List the prime factors of j.
2, 17, 41
Suppose 61*w = 233200 + 28002. List the prime factors of w.
2, 2141
Let m = -6828 - -15856. List the prime factors of m.
2, 37, 61
Let v = 16 - 7. Let j(t) = -168*t - 173*t - 174*t - 177*t + 697*t - 3. List the prime factors of j(v).
2, 3, 7
Let x(n) = -396*n + 5 + 18*n**3 + 406*n - 19*n**3 + 7. Suppose 2*p - 4*m = -32, 4*m = 3*p + 3*m + 23. What are the prime factors of x(p)?
2, 3, 7
What are the prime factors of (4 - 6)/((-42)/211449)?
10069
Let k = 38767 + 7861. List the prime factors of k.
2, 11657
Let p be -2*(-3 - 718/4). Let n = 765 - p. What are the prime factors of n?
2, 5
Let d = 63456 + -41612. List the prime factors of d.
2, 43, 127
Suppose -83*r + 785859 = -26*r. What are the prime factors of r?
17, 811
Suppose 0*z + 42 = 2*t + 2*z, -t = -4*z + 4. Let o(j) = 2*j**2 - 29*j + 7. List the prime factors of o(t).
5, 11
Let d = -720 + 10953. List the prime factors of d.
3, 379
Suppose 6*f + 5*x + 18372 = 10*f, 22998 = 5*f + 2*x. What are the prime factors of f?
2, 11, 19
Suppose 13*q = 44 + 359. Suppose q*j - 646 = 29*j. List the prime factors of j.
17, 19
Let g be 14/(-42) + (-224)/3. Let z be ((-10)/25)/(3/g). List the prime factors of z/35 - 943/(-7).
3, 5
Suppose 5 = -k - 4*g, -5*g + 2 - 6 = 2*k. Suppose -108 = k*i + 4*w - 1313, 1965 = 5*i - 2*w. List the prime factors of i.
5, 79
Suppose -2*c + 5*c - 6 = 0. Suppose 13 = 2*k + q, c*k - 3 = -5*q + 30. Suppose 3*l - 5*r = 182, -3*l + r - 58 = -k*l. List the prime factors of l.
59
Let w = -173 + 178. Suppose 4*z - w*c = 2*z + 156, 2*z = 4*c + 158. What are the prime factors of z?
83
Let c = -585 - -5533. List the prime factors of c.
2, 1237
Suppose -798 = 20*g + 18*g. What are the prime factors of 705 - ((-60)/g - 4/(-28))?
2, 3, 13
Let o be 6*6/(-9)*9/(-18). Suppose -o*w - 739 - 1433 = -4*a, 0 = 5*w - 20. List the prime factors of a.
5, 109
Let h = 18 - 18. Suppose -12 = v + 3*x, 4 = 3*v + 2*v - x. Suppose h = -4*w - v*w + 500. What are the prime factors of w?
5
Let c(j) = 4*j**2 - 12*j - 48. What are the prime factors of c(-6)?
2, 3, 7
Suppose 0 = -4*d - 2*s + 92, 0*d - s - 80 = -4*d. Let x(p) be the first derivative of -p**3/3 + 12*p**2 - 20*p - 5. List the prime factors of x(d).
43
Suppose -5*s + 4173 = 3*t - 9022, 3*s - 7917 = -3*t. What are the prime factors of s?
7, 13, 29
Let d be (-102)/10 - 96/120. Let s(q) = 3*q + 6. Let t be s(d). Let k = t + 51. What are the prime factors of k?
2, 3
What are the prime factors of 7865 - (23 + -13 - 13)?
2, 7, 281
Let z(t) = t**3 - 14*t**2 + 2*t - 23. Let k be z(14). Suppose 1283 = 5*x + 3*r, k*x + 2*r = 649 + 638. List the prime factors of x.
7, 37
Suppose 5*v + 109680 = 3*d, -5*d - v = -0*d - 182856. List the prime factors of d.
2, 3, 5, 23, 53
Let f(u) = 9*u + 16*u - 7*u + 4*u + 15*u - 344 + 11*u**2. What are the prime factors of f(9)?
2, 5, 11
Let d(i) = -i**2 - 2*i + 4. Let p be d(-3). Let l be (-4)/14 + (-11352)/56*p. Let t = l + 343. What are the prime factors of t?
2, 5, 7
Let a be (3 - 10)*36/56*-2. Suppose -a*b + 5535 = 6*b. List the prime factors of b.
3, 41
Let n(p) = -9*p**3 - 8*p**2 - 76*p - 11. List the prime factors of n(-12).
11, 13, 107
Let k be (-2 - -2)/(-12 + 13). Suppose 0 = 2*u + 3*p - 1227, k = -5*u - 2*p + 1569 + 1493. List the prime factors of u.
2, 3, 17
Let j(z) = -129*z**3 - 3*z**2 - 50*z - 148. List the prime factors of j(-7).
2, 17, 1303
Let r = -39 - -41. Let x be -2 - -30*r/3. What are the prime factors of (-2)/(-12) + 249/x?
2, 7
Suppose 4*g + 70447 = 6*h + 191059, 0 = 4*g + 5*h - 120656. List the prime factors of g.
3, 1117
Suppose -2 = k + z - 12, -15 = k - 4*z. Suppose h = -f + 1, -4*h + k*f - 27 - 5 = 0. List the prime factors of -4 - (0 - (h - -121)).
2, 3, 19
Let i(c) = 176*c + 170. Let b be i(9). Let h = b + -1135. List the prime factors of h.
619
Let c(f) = -73*f + 17. Let i be c(-5). Suppose 58 + i = 4*b. Suppose 0*l + b = l + 4*p, p = -2. List the prime factors of l.
2, 59
Let u be (-9)/((-162)/(-4)) - 29/(-9). Suppose 5*l - u*l = l. List the prime factors of l + (-2 + 4 - (-333)/3).
113
Let p(g) = -2*g + 26. Let k be p(12). Let a = k + 19. Suppose 0 = 2*w - 3*r - 89, w - 10 = -3*r + a. List the prime factors of w.
2, 5
Let x(n) = -183*n - 3. Let i be 2/14 + (-34)/(-7). Suppose -7*p = i*p + 12. List the prime factors of x(p).
2, 3, 5
Let u = -3537 + 6235. Suppose -u = -6*i + 6338. What are the prime factors of i?
2, 3, 251
Suppose -i - 4 + 2 = 0, -2*i - 3700 = -2*k. List the prime factors of k.
2, 3, 7, 11
Let a(j) = 8 + 12*j + 10 - 14*j + 22*j**2 - 4. List the prime factors of a(4).
2, 179
Let h(g) = 58*g - 653. List the prime factors of h(37).
1493
Suppose -4*v + 48 = k, 3*k - 114 = -0*v - 2*v. Let u = k + 115. What are the prime factors of u?
151
List the prime factors of (-90)/(-72) - ((-26894)/8 + 2).
3361
Let w(t) be the second 